{"id":6483,"date":"2026-02-19T09:22:30","date_gmt":"2026-02-19T08:22:30","guid":{"rendered":"https:\/\/www.elegant-und-excellent.de\/shop\/produkt\/mascara-buerstchen\/"},"modified":"2026-03-03T10:26:27","modified_gmt":"2026-03-03T09:26:27","slug":"mascara-buerstchen","status":"publish","type":"product","link":"\/shop\/produkt\/mascara-buerstchen\/","title":{"rendered":"Mascara B\u00fcrstchen"},"content":{"rendered":"<p>Die Mascarab\u00fcrstchen sind f\u00fcr Sie beim Arbeiten, so wie f\u00fcr Ihre Kundin zu Hause unerl\u00e4sslich. Es erleichtert Ihnen das Arbeiten, in dem Sie Ihre Haltbarkeit und Ihre Form immer kontrollieren k\u00f6nnen. Auch die Kundin zu Hause kann somit ihre Wimpern immer perfekt in Form bringen.<\/p>\n","protected":false},"excerpt":{"rendered":"<p>Die Mascarab\u00fcrstchen sind f\u00fcr Sie beim Arbeiten, so wie f\u00fcr Ihre Kundin zu Hause unerl\u00e4sslich. Es erleichtert Ihnen das Arbeiten, in dem Sie Ihre Haltbarkeit und Ihre Form immer kontrollieren k\u00f6nnen. Auch die Kundin zu Hause kann somit ihre Wimpern immer perfekt in Form bringen.<\/p>\n","protected":false},"featured_media":6484,"comment_status":"closed","ping_status":"closed","template":"","meta":{"_acf_changed":false},"product_brand":[],"product_cat":[323],"product_tag":[],"class_list":{"0":"post-6483","1":"product","2":"type-product","3":"status-publish","4":"has-post-thumbnail","6":"product_cat-zubehoer","8":"first","9":"instock","10":"taxable","11":"shipping-taxable","12":"purchasable","13":"product-type-simple"},"acf":[],"tiered_pricing_type":"fixed","tiered_pricing_fixed_rules":[],"tiered_pricing_product_settings":{"layout":"default","base_unit_name":{"singular":null,"plural":null},"default_variation":null},"tiered_pricing_minimum_quantity":null,"tiered_pricing_roles_data":[],"tiered_pricing_percentage_rules":[],"_links":{"self":[{"href":"\/shop\/wp-json\/wp\/v2\/product\/6483","targetHints":{"allow":["GET"]}}],"collection":[{"href":"\/shop\/wp-json\/wp\/v2\/product"}],"about":[{"href":"\/shop\/wp-json\/wp\/v2\/types\/product"}],"replies":[{"embeddable":true,"href":"\/shop\/wp-json\/wp\/v2\/comments?post=6483"}],"wp:featuredmedia":[{"embeddable":true,"href":"\/shop\/wp-json\/wp\/v2\/media\/6484"}],"wp:attachment":[{"href":"\/shop\/wp-json\/wp\/v2\/media?parent=6483"}],"wp:term":[{"taxonomy":"product_brand","embeddable":true,"href":"\/shop\/wp-json\/wp\/v2\/product_brand?post=6483"},{"taxonomy":"product_cat","embeddable":true,"href":"\/shop\/wp-json\/wp\/v2\/product_cat?post=6483"},{"taxonomy":"product_tag","embeddable":true,"href":"\/shop\/wp-json\/wp\/v2\/product_tag?post=6483"}],"curies":[{"name":"wp","href":"https:\/\/api.w.org\/{rel}","templated":true}]}}