{"id":6485,"date":"2026-02-19T09:22:30","date_gmt":"2026-02-19T08:22:30","guid":{"rendered":"https:\/\/www.elegant-und-excellent.de\/shop\/produkt\/softbrush\/"},"modified":"2026-03-03T10:26:48","modified_gmt":"2026-03-03T09:26:48","slug":"softbrush","status":"publish","type":"product","link":"\/shop\/produkt\/softbrush\/","title":{"rendered":"Softbrush"},"content":{"rendered":"<p>Ideal zur Reinigung von Kunstwimpern: Mittels antibakterieller weicher Borsten k\u00f6nnen Kunstwimpern einer Wimpernverl\u00e4ngerung perfekt gereinigt werden.<\/p>\n","protected":false},"excerpt":{"rendered":"<p>Ideal zur Reinigung von Kunstwimpern: Mittels antibakterieller weicher Borsten k\u00f6nnen Kunstwimpern einer Wimpernverl\u00e4ngerung perfekt gereinigt werden.<\/p>\n<p>Einfach einen passenden Reinigungsschaum oder Make-up Entferner sanft mit dem Reinigungspinsel zwischen den Wimpern alle Hautsch\u00fcppchen und Fette entfernen. So beugen sie Entz\u00fcndungen am Augenlied vor. Die beste Erg\u00e4nzung f\u00fcr Ihre Kunden zum Wimpernshampoo.<\/p>\n","protected":false},"featured_media":6486,"comment_status":"closed","ping_status":"closed","template":"","meta":{"_acf_changed":false},"product_brand":[],"product_cat":[323],"product_tag":[],"class_list":{"0":"post-6485","1":"product","2":"type-product","3":"status-publish","4":"has-post-thumbnail","6":"product_cat-zubehoer","8":"first","9":"instock","10":"taxable","11":"shipping-taxable","12":"purchasable","13":"product-type-simple"},"acf":[],"tiered_pricing_type":"fixed","tiered_pricing_fixed_rules":[],"tiered_pricing_product_settings":{"layout":"default","base_unit_name":{"singular":null,"plural":null},"default_variation":null},"tiered_pricing_minimum_quantity":null,"tiered_pricing_roles_data":[],"tiered_pricing_percentage_rules":[],"_links":{"self":[{"href":"\/shop\/wp-json\/wp\/v2\/product\/6485","targetHints":{"allow":["GET"]}}],"collection":[{"href":"\/shop\/wp-json\/wp\/v2\/product"}],"about":[{"href":"\/shop\/wp-json\/wp\/v2\/types\/product"}],"replies":[{"embeddable":true,"href":"\/shop\/wp-json\/wp\/v2\/comments?post=6485"}],"wp:featuredmedia":[{"embeddable":true,"href":"\/shop\/wp-json\/wp\/v2\/media\/6486"}],"wp:attachment":[{"href":"\/shop\/wp-json\/wp\/v2\/media?parent=6485"}],"wp:term":[{"taxonomy":"product_brand","embeddable":true,"href":"\/shop\/wp-json\/wp\/v2\/product_brand?post=6485"},{"taxonomy":"product_cat","embeddable":true,"href":"\/shop\/wp-json\/wp\/v2\/product_cat?post=6485"},{"taxonomy":"product_tag","embeddable":true,"href":"\/shop\/wp-json\/wp\/v2\/product_tag?post=6485"}],"curies":[{"name":"wp","href":"https:\/\/api.w.org\/{rel}","templated":true}]}}