{"id":6501,"date":"2026-02-19T09:22:57","date_gmt":"2026-02-19T08:22:57","guid":{"rendered":"https:\/\/www.elegant-und-excellent.de\/shop\/produkt\/nerzwimpern\/"},"modified":"2026-03-03T11:07:44","modified_gmt":"2026-03-03T10:07:44","slug":"nerzwimpern","status":"publish","type":"product","link":"\/shop\/produkt\/nerzwimpern\/","title":{"rendered":"Nerzwimpern"},"content":{"rendered":"<p>Hochwertige Synthetik Wimpern f\u00fcr professionelle Einzelwimpernverl\u00e4ngerung. Die Bezeichnung Nerzwimper beschreibt den au\u00dfergew\u00f6hnlichen Glanz verbunden mit einem typischen schwarz-blauen Schimmer. Die Nerzwimper ist etwas fester als die Seidenwimpe. Es gibt die Nerzwimpern in 2 St\u00e4rken, 3 Biegungen und 10 L\u00e4ngen.<\/p>\n<ul>\n<li>St\u00e4rken: 0,15mm, 0,20mm<\/li>\n<li>Biegungen: B-curl, C-curl, D-curl<\/li>\n<li>L\u00e4ngen: 6, 7, 8, 9, 10, 11, 12, 13, 14, 15mm<\/li>\n<\/ul>\n","protected":false},"excerpt":{"rendered":"<p>Hochwertige Synthetik Wimpern f\u00fcr professionelle Einzelwimpernverl\u00e4ngerung. Die Bezeichnung Nerzwimper beschreibt den au\u00dfergew\u00f6hnlichen Glanz verbunden mit einem typischen schwarz-blauen Schimmer. Die Nerzwimper ist etwas fester als die Seidenwimpe. Es gibt die Nerzwimpern in 2 St\u00e4rken, 3 Biegungen und 10 L\u00e4ngen.<\/p>\n<ul>\n<li>St\u00e4rken: 0,15mm, 0,20mm<\/li>\n<li>Biegungen: B-curl, C-curl, D-curl<\/li>\n<li>L\u00e4ngen: 6, 7, 8, 9, 10, 11, 12, 13, 14, 15mm<\/li>\n<\/ul>\n","protected":false},"featured_media":6502,"comment_status":"closed","ping_status":"closed","template":"","meta":{"_acf_changed":false},"product_brand":[],"product_cat":[322],"product_tag":[],"class_list":{"0":"post-6501","1":"product","2":"type-product","3":"status-publish","4":"has-post-thumbnail","6":"product_cat-wimpern","7":"pa_biegung-l-2","8":"pa_biegung-cc","9":"pa_biegung-d","10":"pa_biegung-c","11":"pa_biegung-l","12":"pa_laenge-306","13":"pa_laenge-mix-6-15","14":"pa_laenge-313","15":"pa_laenge-312","16":"pa_laenge-311","17":"pa_laenge-310","18":"pa_laenge-309","19":"pa_laenge-308","20":"pa_laenge-307","21":"pa_laenge-305","22":"pa_laenge-298","23":"pa_staerke-304","24":"pa_staerke-299","26":"first","27":"instock","28":"taxable","29":"shipping-taxable","30":"purchasable","31":"product-type-variable"},"acf":[],"tiered_pricing_type":"fixed","tiered_pricing_fixed_rules":[],"tiered_pricing_product_settings":{"layout":"default","base_unit_name":{"singular":null,"plural":null},"default_variation":null},"tiered_pricing_minimum_quantity":null,"tiered_pricing_roles_data":[],"tiered_pricing_percentage_rules":[],"_links":{"self":[{"href":"\/shop\/wp-json\/wp\/v2\/product\/6501","targetHints":{"allow":["GET"]}}],"collection":[{"href":"\/shop\/wp-json\/wp\/v2\/product"}],"about":[{"href":"\/shop\/wp-json\/wp\/v2\/types\/product"}],"replies":[{"embeddable":true,"href":"\/shop\/wp-json\/wp\/v2\/comments?post=6501"}],"wp:featuredmedia":[{"embeddable":true,"href":"\/shop\/wp-json\/wp\/v2\/media\/6502"}],"wp:attachment":[{"href":"\/shop\/wp-json\/wp\/v2\/media?parent=6501"}],"wp:term":[{"taxonomy":"product_brand","embeddable":true,"href":"\/shop\/wp-json\/wp\/v2\/product_brand?post=6501"},{"taxonomy":"product_cat","embeddable":true,"href":"\/shop\/wp-json\/wp\/v2\/product_cat?post=6501"},{"taxonomy":"product_tag","embeddable":true,"href":"\/shop\/wp-json\/wp\/v2\/product_tag?post=6501"}],"curies":[{"name":"wp","href":"https:\/\/api.w.org\/{rel}","templated":true}]}}