{"id":6867,"date":"2026-02-19T09:27:06","date_gmt":"2026-02-19T08:27:06","guid":{"rendered":"https:\/\/www.elegant-und-excellent.de\/shop\/produkt\/mascara\/"},"modified":"2026-03-03T11:14:33","modified_gmt":"2026-03-03T10:14:33","slug":"mascara","status":"publish","type":"product","link":"\/shop\/produkt\/mascara\/","title":{"rendered":"Mascara"},"content":{"rendered":"<p>Die Mascara von elegant &amp; excellent Lashes brilliert durch ihre besonders weiche und cremige Textur.&nbsp;<\/p>\n","protected":false},"excerpt":{"rendered":"<p>Die Mascara von elegant &amp; excellent Lashes brilliert durch ihre besonders weiche und cremige Textur. Durch die feine B\u00fcrste zaubert sie perfektes und schwungvolles Volumen. Die Mascara ist reich an N\u00e4hrstoffen wie Keratin und Vitaminen und garantiert die perfekte Pflege f\u00fcr die eigenen Wimpern sowie f\u00fcr Wimpernextensions.&nbsp; Sie verleiht den eigenen Wimpern einen flexiblen Aufw\u00e4rtsschwung. Durch die feine Zusammensetzung ist das Abreinigen ein Kinderspiel. Mit einem in warmes Wasser getauchtes Wattepad ist ein Abreinigen ohne festes Rubbeln und Abreiben ein Kinderspiel.&nbsp; Die Wimperntusche ist frei von Parabenen und Duftstoffen.&nbsp;<\/p>\n","protected":false},"featured_media":6868,"comment_status":"closed","ping_status":"closed","template":"","meta":{"_acf_changed":false},"product_brand":[],"product_cat":[323],"product_tag":[],"class_list":{"0":"post-6867","1":"product","2":"type-product","3":"status-publish","4":"has-post-thumbnail","6":"product_cat-zubehoer","8":"first","9":"instock","10":"taxable","11":"shipping-taxable","12":"purchasable","13":"product-type-simple"},"acf":[],"tiered_pricing_type":"fixed","tiered_pricing_fixed_rules":{"5":12,"11":11},"tiered_pricing_product_settings":{"layout":"default","base_unit_name":{"singular":null,"plural":null},"default_variation":null},"tiered_pricing_minimum_quantity":null,"tiered_pricing_roles_data":[],"tiered_pricing_percentage_rules":[],"_links":{"self":[{"href":"\/shop\/wp-json\/wp\/v2\/product\/6867","targetHints":{"allow":["GET"]}}],"collection":[{"href":"\/shop\/wp-json\/wp\/v2\/product"}],"about":[{"href":"\/shop\/wp-json\/wp\/v2\/types\/product"}],"replies":[{"embeddable":true,"href":"\/shop\/wp-json\/wp\/v2\/comments?post=6867"}],"wp:featuredmedia":[{"embeddable":true,"href":"\/shop\/wp-json\/wp\/v2\/media\/6868"}],"wp:attachment":[{"href":"\/shop\/wp-json\/wp\/v2\/media?parent=6867"}],"wp:term":[{"taxonomy":"product_brand","embeddable":true,"href":"\/shop\/wp-json\/wp\/v2\/product_brand?post=6867"},{"taxonomy":"product_cat","embeddable":true,"href":"\/shop\/wp-json\/wp\/v2\/product_cat?post=6867"},{"taxonomy":"product_tag","embeddable":true,"href":"\/shop\/wp-json\/wp\/v2\/product_tag?post=6867"}],"curies":[{"name":"wp","href":"https:\/\/api.w.org\/{rel}","templated":true}]}}